10?
0
What is the units digit of 4799?
9
What is the hundreds digit of 160660?
6
What is the tens digit of 3084?
8
What is the hundreds digit of 6889?
8
What is the tens digit of 406?
0
What is the hundreds digit of 2724?
7
What is the thousands digit of 1262?
1
What is the hundreds digit of 630?
6
What is the units digit of 8052?
2
What is the tens digit of 7155?
5
What is the units digit of 132854?
4
What is the tens digit of 1811?
1
What is the units digit of 10985?
5
What is the tens digit of 8438?
3
What is the units digit of 1688?
8
What is the units digit of 99451?
1
What is the tens digit of 97807?
0
What is the ten thousands digit of 97000?
9
What is the thousands digit of 3612?
3
What is the units digit of 13024?
4
What is the tens digit of 3168?
6
What is the units digit of 1849?
9
What is the tens digit of 50929?
2
What is the thousands digit of 4954?
4
What is the thousands digit of 19316?
9
What is the thousands digit of 42643?
2
What is the units digit of 957?
7
What is the units digit of 362?
2
What is the units digit of 1743?
3
What is the thousands digit of 49541?
9
What is the tens digit of 180?
8
What is the tens digit of 6653?
5
What is the thousands digit of 59731?
9
What is the tens digit of 3553?
5
What is the hundreds digit of 823?
8
What is the thousands digit of 39229?
9
What is the units digit of 1828?
8
What is the tens digit of 6301?
0
What is the tens digit of 6017?
1
What is the ten thousands digit of 20059?
2
What is the tens digit of 9967?
6
What is the hundreds digit of 2161?
1
What is the thousands digit of 2199?
2
What is the tens digit of 3102?
0
What is the units digit of 3700?
0
What is the units digit of 15871?
1
What is the thousands digit of 1217?
1
What is the tens digit of 6071?
7
What is the thousands digit of 2086?
2
What is the units digit of 360?
0
What is the tens digit of 2529?
2
What is the tens digit of 3476?
7
What is the units digit of 237?
7
What is the tens digit of 162404?
0
What is the thousands digit of 24186?
4
What is the units digit of 15112?
2
What is the units digit of 212?
2
What is the units digit of 2468?
8
What is the ten thousands digit of 11090?
1
What is the units digit of 149154?
4
What is the units digit of 8815?
5
What is the hundred thousands digit of 165700?
1
What is the hundreds digit of 22677?
6
What is the thousands digit of 3622?
3
What is the hundreds digit of 2112?
1
What is the units digit of 4951?
1
What is the thousands digit of 11335?
1
What is the hundreds digit of 2020?
0
What is the tens digit of 602?
0
What is the tens digit of 22296?
9
What is the hundreds digit of 24671?
6
What is the units digit of 12493?
3
What is the tens digit of 214?
1
What is the units digit of 33452?
2
What is the thousands digit of 5412?
5
What is the tens digit of 34617?
1
What is the ten thousands digit of 10324?
1
What is the hundreds digit of 7908?
9
What is the ten thousands digit of 71365?
7
What is the tens digit of 71587?
8
What is the tens digit of 1618?
1
What is the thousands digit of 67339?
7
What is the tens digit of 579?
7
What is the units digit of 4064?
4
What is the units digit of 10172?
2
What is the tens digit of 5055?
5
What is the hundreds digit of 23917?
9
What is the tens digit of 79?
7
What is the ten thousands digit of 119070?
1
What is the units digit of 3918?
8
What is the tens digit of 925?
2
What is the hundreds digit of 92519?
5
What is the hundreds digit of 1212?
2
What is the tens digit of 118017?
1
What is the units digit of 677?
7
What is the units digit of 16862?
2
What is the units digit of 479?
9
What is the hundreds digit of 1191?
1
What is the tens digit of 2995?
9
What is the tens digit of 6045?
4
What is the thousands digit of 59260?
9
What is the thousands digit of 22947?
2
What is the thousands digit of 127278?
7
What is the tens digit of 18883?
8
What is the units digit of 4034?
4
What is the units digit of 6964?
4
What is the tens digit of 42894?
9
What is the hundreds digit of 1558?
5
What is the units digit of 1139?
9
What is the ten thousands digit of 38958?
3
What is the tens digit of 3672?
7
What is the thousands digit of 5485?
5
What is the units digit of 7584?
4
What is the ten thousands digit of 20297?
2
What is the units digit of 62158?
8
What is the hundreds digit of 1204?
2
What is the units digit of 922?
2
What is the units digit of 1268?
8
What is the tens digit of 41?
4
What is the units digit of 1971?
1
What is the thousands digit of 1168?
1
What is the hundreds digit of 1510?
5
What is the tens digit of 898?
9
What is the tens digit of 3886?
8
What is the ten thousands digit of 38923?
3
What is the hundreds digit of 18014?
0
What is the units digit of 168?
8
What is the tens digit of 2057?
5
What is the units digit of 7102?
2
What is the thousands digit of 6404?
6
What is the thousands digit of 10468?
0
What is the tens digit of 743?
4
What is the hundreds digit of 533?
5
What is the units digit of 2679?
9
What is the units digit of 7647?
7
What is the hundreds digit of 111?
1
What is the units digit of 188566?
6
What is the thousands digit of 16232?
6
What is the tens digit of 28828?
2
What is the tens digit of 35418?
1
What is the tens digit of 140391?
9
What is the tens digit of 3532?
3
What is the units digit of 805?
5
What is the units digit of 2862?
2
What is the ten thousands digit of 14817?
1
What is the tens digit of 182?
8
What is the units digit of 558?
8
What is the tens digit of 447?
4
What is the units digit of 852?
2
What is the tens digit of 11131?
3
What is the hundreds digit of 6683?
6
What is the thousands digit of 104338?
4
What is the units digit of 1754?
4
What is the thousands digit of 18304?
8
What is the tens digit of 11765?
6
What is the hundreds digit of 26201?
2
What is the hundreds digit of 1625?
6
What is the tens digit of 12156?
5
What is the hundreds digit of 2937?
9
What is the thousands digit of 2119?
2
What is the thousands digit of 1675?
1
What is the tens digit of 311?
1
What is the thousands digit of 1466?
1
What is the units digit of 12452?
2
What is the hundreds digit of 429?
4
What is the thousands digit of 16895?
6
What is the hundreds digit of 67867?
8
What is the hundreds digit of 57221?
2
What is the tens digit of 116428?
2
What is the hundreds digit of 98454?
4
What is the hundreds digit of 1320?
3
What is the tens digit of 49113?
1
What is the units digit of 9365?
5
What is the ten thousands digit of 84421?
8
What is the thousands digit of 3486?
3
What is the ten thousands digit of 41952?
4
What is the hundreds digit of 1636?
6
What is the thousands digit of 13871?
3
What is the thousands digit of 7141?
7
What is the tens digit of 105712?
1
What is the thousands digit of 82771?
2
What is the thousands digit of 96793?
6
What is the ten thousands digit of 83138?
8
What is the tens digit of 8795?
9
What is the tens digit of 133195?
9
What is the ten thousands digit of 11585?
1
What is the ten thousands digit of 10032?
1
What is the thousands digit of 46610?
6
What is the tens digit of 9177?
7
What is the ten thousands digit of 12634?
1
What is the units digit of 42625?
5
What is the hundreds digit of 43020?
0
What is the thousands digit of 10374?
0
What is the tens digit of 24231?
3
What is the tens digit of 1664?
6
What is the hundreds digit of 4108?
1
What is the tens digit of 2020?
2
What is the thousands digit of 1172?
1
What is the tens digit of 9768?
6
What is the ten thousands digit of 27708?
2
What is the hundreds digit of 9780?
7
What is the thousands digit of 108981?
8
What is the hundreds digit of 825?
8
What is the units digit of 2112?
2
What is the units digit of 4158?
8
What is the units digit of 36?
6
What is the hundred thousands digit of 113167?
1
What is the units digit of 1072?
2
What is the thousands digit of 62008?
2
What is the thousands digit of 2860?
2
What is the units digit of 6096?
6
What is the ten thousands digit of 15671?
1
What is the thousands digit of 19941?
9
What is the tens digit of 2102?
0
What is the hundreds digit of 2785?
7
What is the thousands digit of 4549?
4
What is the hundreds digit of 1069?
0
What is the units digit of 1182?
2
What is the hundreds digit of 3583?
5
What is the hundreds digit of 37305?
3
What is the ten thou